1?
30
Calculate the remainder when 383 is divided by 6.
5
Calculate the remainder when 379 is divided by 185.
9
What is the remainder when 368 is divided by 183?
2
What is the remainder when 2700 is divided by 26?
22
What is the remainder when 525 is divided by 89?
80
Calculate the remainder when 314 is divided by 80.
74
Calculate the remainder when 467 is divided by 36.
35
Calculate the remainder when 890 is divided by 47.
44
Calculate the remainder when 7222 is divided by 241.
233
Calculate the remainder when 880 is divided by 63.
61
Calculate the remainder when 112 is divided by 30.
22
What is the remainder when 143 is divided by 106?
37
What is the remainder when 395 is divided by 44?
43
What is the remainder when 855 is divided by 22?
19
Calculate the remainder when 2032 is divided by 30.
22
Calculate the remainder when 365 is divided by 98.
71
What is the remainder when 502 is divided by 24?
22
What is the remainder when 934 is divided by 72?
70
What is the remainder when 391 is divided by 28?
27
What is the remainder when 251 is divided by 127?
124
What is the remainder when 90 is divided by 20?
10
Calculate the remainder when 890 is divided by 11.
10
What is the remainder when 2910 is divided by 207?
12
What is the remainder when 541 is divided by 14?
9
What is the remainder when 201 is divided by 37?
16
Calculate the remainder when 130 is divided by 22.
20
Calculate the remainder when 30 is divided by 25.
5
Calculate the remainder when 466 is divided by 47.
43
Calculate the remainder when 1221 is divided by 49.
45
Calculate the remainder when 567 is divided by 91.
21
Calculate the remainder when 522 is divided by 17.
12
What is the remainder when 240 is divided by 110?
20
What is the remainder when 1575 is divided by 202?
161
What is the remainder when 5452 is divided by 5447?
5
Calculate the remainder when 274 is divided by 23.
21
Calculate the remainder when 194 is divided by 98.
96
Calculate the remainder when 339 is divided by 39.
27
Calculate the remainder when 799 is divided by 32.
31
Calculate the remainder when 2335 is divided by 146.
145
Calculate the remainder when 74 is divided by 13.
9
Calculate the remainder when 167 is divided by 4.
3
Calculate the remainder when 511 is divided by 128.
127
Calculate the remainder when 279 is divided by 50.
29
What is the remainder when 731 is divided by 102?
17
Calculate the remainder when 541 is divided by 135.
1
What is the remainder when 324 is divided by 64?
4
Calculate the remainder when 336 is divided by 60.
36
Calculate the remainder when 525 is divided by 19.
12
What is the remainder when 74 is divided by 39?
35
Calculate the remainder when 2317 is divided by 58.
55
What is the remainder when 82 is divided by 29?
24
Calculate the remainder when 318 is divided by 16.
14
Calculate the remainder when 3134 is divided by 15.
14
Calculate the remainder when 146 is divided by 50.
46
Calculate the remainder when 2747 is divided by 19.
11
Calculate the remainder when 66 is divided by 25.
16
Calculate the remainder when 2773 is divided by 36.
1
Calculate the remainder when 128 is divided by 13.
11
Calculate the remainder when 181 is divided by 92.
89
Calculate the remainder when 480 is divided by 154.
18
What is the remainder when 1408 is divided by 40?
8
Calculate the remainder when 40 is divided by 32.
8
What is the remainder when 1475 is divided by 178?
51
What is the remainder when 2125 is divided by 1058?
9
What is the remainder when 693 is divided by 35?
28
What is the remainder when 544 is divided by 116?
80
Calculate the remainder when 370 is divided by 98.
76
What is the remainder when 564 is divided by 10?
4
Calculate the remainder when 254 is divided by 15.
14
Calculate the remainder when 635 is divided by 22.
19
Calculate the remainder when 940 is divided by 347.
246
Calculate the remainder when 464 is divided by 26.
22
Calculate the remainder when 328 is divided by 83.
79
What is the remainder when 3079 is divided by 20?
19
Calculate the remainder when 168 is divided by 81.
6
What is the remainder when 189 is divided by 33?
24
What is the remainder when 150 is divided by 14?
10
Calculate the remainder when 23 is divided by 22.
1
What is the remainder when 126 is divided by 43?
40
Calculate the remainder when 134 is divided by 45.
44
Calculate the remainder when 1058 is divided by 183.
143
Calculate the remainder when 100 is divided by 48.
4
What is the remainder when 604 is divided by 61?
55
What is the remainder when 645 is divided by 214?
3
What is the remainder when 4636 is divided by 4634?
2
Calculate the remainder when 211 is divided by 70.
1
What is the remainder when 117 is divided by 21?
12
What is the remainder when 765 is divided by 22?
17
Calculate the remainder when 77 is divided by 31.
15
What is the remainder when 91 is divided by 24?
19
Calculate the remainder when 383 is divided by 39.
32
What is the remainder when 879 is divided by 49?
46
What is the remainder when 9037 is divided by 40?
37
What is the remainder when 257 is divided by 115?
27
What is the remainder when 418 is divided by 21?
19
What is the remainder when 87 is divided by 10?
7
Calculate the remainder when 10597 is divided by 25.
22
Calculate the remainder when 62 is divided by 40.
22
What is the remainder when 1289 is divided by 33?
2
Calculate the remainder when 126 is divided by 9.
0
What is the remainder when 5560 is divided by 253?
247
Calculate the remainder when 10810 is divided by 19.
18
Calculate the remainder when 1271 is divided by 19.
17
Calculate the remainder when 424 is divided by 139.
7
Calculate the remainder when 10671 is divided by 92.
91
Calculate the remainder when 59 is divided by 28.
3
What is the remainder when 333 is divided by 56?
53
Calculate the remainder when 859 is divided by 41.
39
What is the remainder when 445 is divided by 14?
11
What is the remainder when 139 is divided by 20?
19
What is the remainder when 129 is divided by 18?
3
Calculate the remainder when 280 is divided by 8.
0
Calculate the remainder when 38 is divided by 10.
8
Calculate the remainder when 637 is divided by 599.
38
What is the remainder when 536 is divided by 20?
16
What is the remainder when 16361 is divided by 101?
100
Calculate the remainder when 334 is divided by 43.
33
What is the remainder when 258 is divided by 26?
24
What is the remainder when 124 is divided by 14?
12
Calculate the remainder when 1017 is divided by 15.
12
What is the remainder when 115 is divided by 31?
22
What is the remainder when 415 is divided by 85?
75
What is the remainder when 814 is divided by 17?
15
Calculate the remainder when 218 is divided by 73.
72
What is the remainder when 1401 is divided by 108?
105
Calculate the remainder when 4956 is divided by 310.
306
What is the remainder when 11085 is divided by 72?
69
What is the remainder when 105 is divided by 28?
21
Calculate the remainder when 914 is divided by 197.
126
What is the remainder when 79 is divided by 68?
11
Calculate the remainder when 2555 is divided by 10.
5
Calculate the remainder when 2125 is divided by 133.
130
What is the remainder when 567 is divided by 87?
45
Calculate the remainder when 123 is divided by 84.
39
Calculate the remainder when 61 is divided by 4.
1
What is the remainder when 149 is divided by 71?
7
Calculate the remainder when 618 is divided by 10.
8
What is the remainder when 351 is divided by 22?
21
What is the remainder when 140 is divided by 29?
24
Calculate the remainder when 1294 is divided by 14.
6
What is the remainder when 138 is divided by 10?
8
What is the remainder when 69 is divided by 6?
3
What is the remainder when 1899 is divided by 24?
3
What is the remainder when 109 is divided by 56?
53
Calculate the remainder when 619 is divided by 304.
11
What is the remainder when 3355 is divided by 186?
7
Calculate the remainder when 483 is divided by 123.
114
Calculate the remainder when 669 is divided by 42.
39
What is the remainder when 423 is divided by 71?
68
Calculate the remainder when 133 is divided by 23.
18
What is the remainder when 2617 is divided by 97?
95
Calculate the remainder when 362 is divided by 73.
70
What is the remainder when 21411 is divided by 106?
105
Calculate the remainder when 91 is